ase 10) to base 12.
40297
Convert -253a1 (base 16) to base 11.
-a461a
12311022333 (base 4) to base 15
255870
1001010000001010100 (base 2) to base 5
34200223
-4a9159 (base 11) to base 13
-221522
-137626 (base 11) to base 8
-644005
Convert -34631242 (base 8) to base 6.
-425451510
Convert 938146 (base 14) to base 10.
4977874
-1b375a (base 12) to base 2
-1110101111101110110
Convert -1a9c16 (base 15) to base 14.
-25b41b
17380249 (base 10) to base 2
1000010010011001110011001
36600153 (base 7) to base 15
44b16c
Convert 32350300 (base 6) to base 3.
1210221001000
1864b (base 13) to base 10
47214
What is 112735 (base 9) in base 10?
67667
-52272 (base 11) to base 9
-125453
-1122121000210 (base 3) to base 4
-3112102221
What is -110020002200 (base 3) in base 11?
-154886
Convert 1188662 (base 9) to base 15.
cc602
-1001001100010110 (base 2) to base 12
-1995a
Convert -84879 (base 15) to base 5.
-101423124
46a529 (base 12) to base 4
10111301301
Convert -17106 (base 12) to base 16.
-80d6
Convert -308470 (base 10) to base 7.
-2423221
What is 24041410 (base 5) in base 15?
45955
Convert 2043223423 (base 5) to base 4.
100103113031
1405144 (base 9) to base 3
1110012011111
Convert 1faaad (base 16) to base 4.
13322222231
What is -152004130 (base 6) in base 14?
-5c8766
-31303112310 (base 4) to base 14
-6a284c
What is -111100000110010100 (base 2) in base 9?
-414605
-69905 (base 11) to base 12
-4a49b
Convert -101101011101110110000 (base 2) to base 11.
-928380
-1825109 (base 11) to base 14
-5a8416
What is 1013301022 (base 5) in base 8?
7755325
b2db (base 16) to base 2
1011001011011011
Convert -d8466 (base 14) to base 15.
-a4b09
Convert -2042561 (base 10) to base 5.
-1010330221
What is 1020161 (base 8) in base 11?
175213
What is 121022210 (base 5) in base 15?
b21da
What is 1aa66 (base 11) in base 6?
343201
What is 17f2a (base 16) in base 8?
277452
Convert 102112111112222 (base 3) to base 7.
103054331
What is -115313522 (base 6) in base 4?
-20131210322
Convert 212221020222021 (base 3) to base 8.
60414255
Convert 26409 (base 13) to base 3.
10121101020
640 (base 9) to base 6
2230
Convert 182433 (base 10) to base 16.
2c8a1
What is 469568 (base 14) in base 9?
4468486
-73683 (base 10) to base 16
-11fd3
What is 16455202 (base 7) in base 5?
403013420
What is 4b2ab (base 15) in base 5?
30141421
Convert 10211210212100 (base 3) to base 7.
23240052
What is -39872 (base 16) in base 9?
-388205
Convert -531406 (base 7) to base 9.
-148811
Convert -4bbe1 (base 15) to base 7.
-2026306
10100101111010011101 (base 2) to base 9
1245180
What is 10010010000000101100010 (base 2) in base 15?
647957
6bab9 (base 16) to base 11
281385
Convert 22636555 (base 8) to base 15.
676035
Convert 42b22 (base 12) to base 6.
1515242
What is -3712a (base 12) in base 9?
-123147
-578192 (base 10) to base 11
-36544a
Convert -20033433 (base 5) to base 9.
-261522
Convert 1011100111010111101 (base 2) to base 3.
201100002111
What is 2a4894 (base 12) in base 16?
ae1f0
-2426533 (base 8) to base 16
-a2d5b
What is 1001100011000010011000 (base 2) in base 7?
30162550
What is 50b80 (base 12) in base 13?
38c58
5181176 (base 10) to base 4
103300323320
-2022002001202 (base 3) to base 13
-33a1b7
-539714 (base 10) to base 16
-83c42
Convert -450661 (base 9) to base 15.
-54ce7
Convert 14a4610 (base 12) to base 3.
21220012110110
Convert 333113344 (base 5) to base 13.
3c044a
What is 45ac6 (base 14) in base 6?
3344450
What is 11000010111110111100001 (base 2) in base 12?
2181569
Convert -416237 (base 9) to base 5.
-30403302
Convert -441366 (base 7) to base 10.
-77370
What is 64225 (base 9) in base 5?
2324332
Convert -11013 (base 11) to base 9.
-23832
What is 253896 (base 10) in base 12?
102b20
What is -102635 (base 12) in base 7?
-2103113
-500742 (base 8) to base 11
-102504
Convert -330988 (base 10) to base 14.
-888a0
Convert -16218188 (base 9) to base 5.
-4033233032
What is -305f39 (base 16) in base 14?
-5c7401
What is 121031200010 (base 4) in base 8?
31154004
3210310230 (base 4) to base 16
e4d2c
Convert -1323331220 (base 4) to base 11.
-317533
What is 11b50 (base 12) in base 15?
7223
Convert 4b150d (base 14) to base 3.
11211221211000
What is -383c1 (base 14) in base 8?
-415345
30122220 (base 4) to base 13
1a1c0
What is 810654 (base 9) in base 10?
479488
Convert 336477 (base 10) to base 11.
20a889
Convert 2058cd (base 14) to base 15.
168462
Convert -1959b8 (base 13) to base 16.
-9c7e7
What is -13232564 (base 7) in base 14?
-239da4
-1120132013 (base 4) to base 5
-43044000
What is 25011250 (base 7) in base 14?
423960
Convert -1000330 (base 4) to base 7.
-15055
1010011011111011110010 (base 2) to base 9
5128802
Convert 14313033 (base 6) to base 7.
4115655
Convert 265484 (base 9) to base 12.
79571
-387559 (base 10) to base 2
-1011110100111100111
-979a0 (base 11) to base 6
-3014421
What is 7182a1 (base 13) in base 2?
1010000101111010011001
Convert 687268 (base 12) to base 2.
110011000000010110000
Convert 56362 (base 9) to base 2.
1001001001100110
Convert 36606 (base 11) to base 15.
108e6
Convert 6216246 (base 7) to base 5.
142302344
What is 11101000010011111001 (base 2) in base 5?
220422140
Convert 5043405 (base 6) to base 12.
b6565
Convert 1fe4e (base 16) to base 12.
63726
Convert 1859285 (base 10) to base 12.
757b85
Convert 12203220 (base 5) to base 2.
11100010101011100
-1ad7d (base 15) to base 16
-1557a
What is -1dd4d (base 16) in base 2?
-11101110101001101
What is -2556410 (base 7) in base 5?
-41133344
What is 10302436 (base 7) in base 2?
11010101100101111001
-1104313 (base 5) to base 6
-225301
What is c5b73 (base 13) in base 4?
1112311112
-542845 (base 9) to base 4
-1033000310
What is -53234 (base 6) in base 9?
-10814
Convert 24758010 (base 9) to base 16.
b94c4b
What is -105822 (base 12) in base 8?
-771132
What is 709a5 (base 14) in base 4?
1002013211
Convert -501221254 (base 6) to base 14.
-11a4386
What is -2112122311 (base 5) in base 7?
-52330634
132212233033 (base 4) to base 10
8022991
-20311101 (base 4) to base 9
-54556
Convert 14001273 (base 8) to base 10.
3146427
Convert -a55bc5 (base 13) to base 6.
-214530500
What is 12032201 (base 4) in base 10?
25505
What is -340004155 (base 6) in base 14?
-b64a23
Convert 10556344 (base 7) to base 5.
213444240
-260996c (base 13) to base 3
-211101201111222
9466 (base 10) to base 9
13877
-1622b (base 12) to base 7
-160424
What is -11112021122 (base 3) in base 10?
-89144
52fa (base 16) to base 10
21242
What is -100854a (base 11) in base 8?
-6632124
Convert -165332 (base 7) to base 13.
-120b0
-3ba1d (base 14) to base 8
-437733
557664 (base 10) to base 11
350a88
533030 (base 6) to base 15
cd09
Convert 4367351 (base 8) to base 6.
41105025
72939a3 (base 11) to base 3
220012100121001
Convert -1101100000111101 (base 2) to base 11.
-38655
Convert 70963 (base 13) to base 2.
110001001100111001
What is -1121101123 (base 5) in base 14?
-497d85
-118811 (base 13) to base 9
-707428
Convert -69079a (base 14) to base 9.
-6646778
-3a99a1 (base 13) to base 15
-1d1029
What is -2ad80 (base 15) in base 14?
-38445
What is -61262a5 (base 11) in base 15?
-e3d497
What is -313888 (base 9) in base 10?
-186623
What is 8067c7 (base 13) in base 5?
1231003442
3343044210 (base 5) to base 3
111220122020000
What is -48850 (base 16) in base 7?
-2345002
Convert -21044410 (base 5) to base 16.
-2ab84
What is -10121200020 (base 3) in base 15?
-16170
What is -18412 (base 12) in base 14?
-cb4a
Convert 211160 (base 7) to base 4.
20321201
-76160 (base 12) to base 9
-256560
-247d14 (base 14) to base 4
-10301130032
6964459 (base 10) to base 3
111002211102221
What is 3233201320 (base 4) in base 2?
11101111100001111000
What is 3bec (base 15) in base 14?
495c
What is e26af3 (base 16) in base 13?
30c6cb3
ac4681 (base 13) to base 16
3e0921
What is -6113a (base 15) in base 7?
-2420140
Convert -37482 (base 12) to base 4.
-102103202
-26a379 (base 11) to base 15
-85822
Convert -30313103 (base 4) to base 3.
-2200021112
-1026113 (base 9) to base 15
-aca20
Convert -6197a (base 13) to base 5.
-21101220
What is 110111010111011010 (base 2) in base 3?
102112002012
Convert -766 (base 8) to base 6.
-2154
What is -551402425 (base 6) in base 4?
-211223022101
2b77c (base 16) to base 3
100001020020
What is -1000001110000110 (base 2) in base 12?
-1759a
Convert 